{"id":132,"date":"2015-11-23T08:43:40","date_gmt":"2015-11-23T08:43:40","guid":{"rendered":"http:\/\/www.andelskaduchovniterapie.cz\/?page_id=132"},"modified":"2015-11-23T08:43:40","modified_gmt":"2015-11-23T08:43:40","slug":"cakry-2","status":"publish","type":"page","link":"https:\/\/www.andelskaduchovniterapie.cz\/?page_id=132","title":{"rendered":"\u010cakry 2."},"content":{"rendered":"<p align=\"CENTER\"><span style=\"font-size: large;\"><span style=\"text-decoration: underline;\">2. \u010cakry &#8211; popis<\/span><\/span><\/p>\n<p align=\"CENTER\"><a href=\"https:\/\/www.andelskaduchovniterapie.cz\/wp-content\/uploads\/2015\/11\/obrazek.png\"><img loading=\"lazy\" decoding=\"async\" class=\"alignnone size-full wp-image-133\" src=\"https:\/\/www.andelskaduchovniterapie.cz\/wp-content\/uploads\/2015\/11\/obrazek.png\" alt=\"obrazek\" width=\"828\" height=\"653\" srcset=\"https:\/\/www.andelskaduchovniterapie.cz\/wp-content\/uploads\/2015\/11\/obrazek.png 828w, https:\/\/www.andelskaduchovniterapie.cz\/wp-content\/uploads\/2015\/11\/obrazek-300x237.png 300w\" sizes=\"auto, (max-width: 828px) 100vw, 828px\" \/><\/a><\/p>\n<p>\u010cakry jako energetick\u00e1 centra jsou d\u016fle\u017eit\u00e9 pro spr\u00e1vn\u00e9 fungov\u00e1n\u00ed t\u011bla i ducha \u010dlov\u011bka. Proto se hlavn\u011b ve v\u00fdchodn\u00edch tradic\u00edch p\u0159ikl\u00e1d\u00e1 \u010dakr\u00e1m velk\u00fd v\u00fdznam. Pr\u00e1v\u011b r\u016fzn\u00e9 v\u00fdchodn\u00ed nauky a filozofie p\u0159i\u0159adily \u010dakr\u00e1m jm\u00e9na a tak\u00e9 kreslen\u00e9 symboly. P\u0159i\u0159azeny jim byly i mnoh\u00e9 jin\u00e9 v\u011bci, t\u00f3ny, barvy, \u010d\u00e1sti t\u011bla a podobn\u011b.<\/p>\n<p><span style=\"color: #0000ff;\"><span style=\"text-decoration: underline;\">\u010cakra prvn\u00ed <\/span><\/span><\/p>\n<p>Prvn\u00ed \u010dakrou je <i>Muladhara<\/i>, kter\u00e1 je tak\u00e9 naz\u00fdvan\u00e1 \u010dakrou ko\u0159ene nebo z\u00e1kladn\u00ed \u010dakrou. Nach\u00e1z\u00ed se mezi \u0159it\u00ed a pohlavn\u00edmi org\u00e1ny. Je spojena s kostr\u010d\u00ed a otev\u00edr\u00e1 se sm\u011brem dol\u016f. Aktivn\u00ed \u010dakra sv\u00edt\u00ed ohniv\u011b \u010derven\u011b. Prvn\u00ed \u010dak\u0159e je p\u0159i\u0159azen element Zem\u011b a smyslov\u00e1 funkce \u010dich. Symbolizuje ji lotos se \u010dty\u0159mi okv\u011btn\u00edmi l\u00edstky.<\/p>\n<p>Z\u00e1kladn\u00ed \u010dakra spojuje \u010dlov\u011bka s fyzick\u00fdm sv\u011btem. P\u0159ev\u00e1d\u00ed kosmick\u00e9 energie na t\u011blesn\u011b pozemskou rovinu. Z\u00e1rove\u0148 proud\u00ed prvn\u00ed \u010dakrou energie Zem\u011b do cel\u00e9ho syst\u00e9mu energi\u00ed. P\u0159es tuto \u010dakru m\u00e1me kontakt s \u201cduchem Matky Zem\u011b\u201d, za\u017e\u00edv\u00e1me jej\u00ed s\u00edlu, l\u00e1sku a trp\u011blivost.<\/p>\n<p>Do p\u016fsobnosti prvn\u00ed \u010dakry pat\u0159\u00ed v\u0161echny z\u00e1kladn\u00ed individu\u00e1ln\u00ed i v\u0161eobecn\u00e9 po\u017eadavky \u017eivota jako takov\u00e9ho pro p\u0159e\u017eit\u00ed na t\u00e9to planet\u011b. Je-li tato \u010dakra otev\u0159en\u00e1, pak mezi jej\u00ed \u201cdary\u201d pat\u0159\u00ed pozitivn\u00ed \u201cano\u201d k \u017eivotu na Zemi, k fyzick\u00e9 existenci a p\u0159ipravenost p\u016fsobit v harmonii se silami Zem\u011b a u\u010dit se od nich.<\/p>\n<p>Do oblasti p\u016fsoben\u00ed prvn\u00ed \u010dakry pat\u0159\u00ed tak\u00e9 budov\u00e1n\u00ed existence, materi\u00e1ln\u00ed zabezpe\u010den\u00ed a zachov\u00e1n\u00ed vlastn\u00edho druhu zalo\u017een\u00edm rodiny, stejn\u011b jako sexualita &#8211; t\u011blesn\u00e1 funkce a prost\u0159edek k plozen\u00ed d\u011bt\u00ed.<\/p>\n<p>Prvn\u00ed \u010dakra tvo\u0159\u00ed \u017eivotn\u011b d\u016fle\u017eit\u00fd z\u00e1klad a pramen vit\u00e1ln\u00ed s\u00edly pro vy\u0161\u0161\u00ed \u010dakry. Tudy jsme napojeni na nevy\u010derpateln\u00fd reservo\u00e1r sil energie <i>kundalin\u00ed<\/i> a zde tak\u00e9 za\u010d\u00ednaj\u00ed t\u0159i hlavn\u00ed kan\u00e1ly energie &#8211; <i>Su\u0161umna, Ida a Pingala. <\/i>Prvn\u00ed &#8211; z\u00e1kladn\u00ed \u010dakra je centrem na\u0161eho ob\u011bhov\u00e9ho syst\u00e9mu energi\u00ed. Nav\u00edc je s\u00eddlem kolektivn\u00edho podv\u011bdom\u00ed, jeho\u017e nahromad\u011bn\u00e9 v\u011bd\u011bn\u00ed n\u00e1m zp\u0159\u00edstup\u0148uje.<\/p>\n<p>Prvn\u00ed \u010dakra by m\u011bla b\u00fdt v rovnov\u00e1ze s \u010dakrou sedmou, abychom si udr\u017eeli svou vnit\u0159n\u00ed stabilitu.<\/p>\n<p><span style=\"color: #0000ff;\"><span style=\"text-decoration: underline;\">\u010cakra druh\u00e1<\/span><\/span><\/p>\n<p>Druh\u00e1 \u010dakra se ve v\u00fdchodn\u00edch nauk\u00e1ch naz\u00fdv\u00e1 <i>Svadhisthana. <\/i>M\u016f\u017eeme ji v\u0161ak tak\u00e9 naz\u00fdvat \u010dakrou sakr\u00e1ln\u00ed nebo centrum k\u0159\u00ed\u017ee.<\/p>\n<p>Nach\u00e1z\u00ed se nad pohlavn\u00edmi org\u00e1ny a je spojena s k\u0159\u00ed\u017eovou kost\u00ed a otv\u00edr\u00e1 se sm\u011brem dop\u0159edu.<\/p>\n<p>Barva druh\u00e9 \u010dakry je oran\u017eov\u00e1 a je j\u00ed p\u0159i\u0159azen element voda. Smyslov\u00e1 funkce pro druhou \u010dakru je chu\u0165. Symbolem \u010dakry je lotos se \u0161esti okv\u011btn\u00edmi l\u00edstky.<\/p>\n<p>Druh\u00e1 \u010dakra je centrem p\u016fvodn\u00edch, nefiltrovan\u00fdch emoc\u00ed, sexu\u00e1ln\u00ed energie a tvo\u0159iv\u00fdch sil. Prost\u0159ednictv\u00edm t\u00e9to \u010dakry m\u00e1me p\u0159\u00edstup k oplod\u0148uj\u00edc\u00edm a vst\u0159\u00edcn\u00fdm energi\u00edm, kter\u00e9 pronikaj\u00ed celou p\u0159\u00edrodou. Tato \u010dakra je \u010dasto pova\u017eov\u00e1na za s\u00eddlo <i>\u0160akti<\/i>, \u017eensk\u00e9ho aspektu Boha, ve form\u011b tvo\u0159\u00edc\u00ed rodic\u00ed s\u00edly.<\/p>\n<p>Rozhoduj\u00edc\u00edm zp\u016fsobem ovliv\u0148uje druh\u00e1 \u010dakra mezilidsk\u00e9 vztahy, obzvl\u00e1\u0161\u0165 k druh\u00e9mu pohlav\u00ed. Do jej\u00ed p\u016fsobnosti pat\u0159\u00ed rozmanit\u00e9 hry erotiky stejn\u011b jako vzd\u00e1v\u00e1n\u00ed se ohrani\u010den\u00e9ho ega a z\u00e1\u017eitek v\u011bt\u0161\u00ed jednoty v sexu\u00e1ln\u00edm spojen\u00ed.<\/p>\n<p><span style=\"color: #0000ff;\"><span style=\"text-decoration: underline;\">\u010cakra t\u0159et\u00ed<\/span><\/span><\/p>\n<p>T\u0159et\u00ed \u010dakrou je <i>Manipura<\/i>, \u010dakra solar &#8211; plexu. Tato \u010dakra se nach\u00e1z\u00ed p\u0159ibli\u017en\u011b dva prsty nad pupkem a otev\u00edr\u00e1 se sm\u011brem dop\u0159edu.<\/p>\n<p>Barva t\u0159et\u00ed \u010dakry je \u017elut\u00e1 a\u017e zlato\u017elut\u00e1. Element t\u0159et\u00ed \u010dakry je ohe\u0148 a smyslov\u00e1 funkce zrak. Symbolem \u010dakry solar &#8211; plexu je lotosov\u00fd kv\u011bt s deseti okv\u011btn\u00edmi l\u00edstky.<\/p>\n<p>Z\u00e1kladn\u00edm principem t\u0159et\u00ed \u010dakry je utv\u00e1\u0159en\u00ed byt\u00ed. Je centrem, kter\u00fdm p\u0159ij\u00edm\u00e1me slune\u010dn\u00ed energii a kter\u00e1 krom\u011b jin\u00e9ho vy\u017eivuje \u00e9terick\u00e9 vibra\u010dn\u00ed pole a t\u00edm dod\u00e1v\u00e1 vitalitu tak\u00e9 t\u011blu fyzick\u00e9mu. T\u0159et\u00ed \u010dakrou vstupujeme do aktivn\u00edho vztahu ke sv\u011btsk\u00fdm v\u011bcem a k ostatn\u00edm lidem. Je to oblast, ze kter\u00e9 vych\u00e1z\u00ed z na\u0161eho t\u011bla emo\u010dn\u00ed energie. Odtud jsou \u0159\u00edzeny na\u0161e mezilidsk\u00e9 vztahy, sympatie a antipatie, stejn\u011b jako schopnost trval\u00fdch citov\u00fdch vazeb.<\/p>\n<p>Pro oby\u010dejn\u00e9ho \u010dlov\u011bka je t\u0159et\u00ed \u010dakra s\u00eddlem osobnosti. Je m\u00edstem, kde nach\u00e1z\u00ed svoji spole\u010denskou identifikaci a hled\u00e1 jej\u00ed potvrzen\u00ed svoj\u00ed silou, v\u016fl\u00ed k v\u00fdkonu, snahou pomoci nebo i p\u0159izp\u016fsoben\u00ed se spole\u010densk\u00fdm norm\u00e1m.<\/p>\n<p>D\u016fle\u017eit\u00fdm \u00fakolem t\u0159et\u00ed \u010dakry je tak\u00e9 o\u010di\u0161\u0165ovat tendence a p\u0159\u00e1n\u00ed dvou spodn\u00edch \u010daker, v\u011bdom\u011b \u0159\u00eddit a vyu\u017e\u00edvat jejich tvo\u0159iv\u00e9 energie, manifestovat duchovn\u00ed kvalitu vy\u0161\u0161\u00edch \u010daker v materi\u00e1ln\u00edm sv\u011bt\u011b a dosahovat tak na v\u0161ech \u00farovn\u00edch co nejv\u011bt\u0161\u00edho napln\u011bn\u00ed v \u017eivot\u011b. \u010cakra solar &#8211; plexu je v p\u0159\u00edm\u00e9m spojen\u00ed s astr\u00e1ln\u00edm vibra\u010dn\u00edm polem, naz\u00fdvan\u00e9m tak\u00e9 polem \u201cp\u0159\u00e1n\u00ed\u201d nebo \u201c\u017e\u00e1dosti\u201d. Vit\u00e1ln\u00ed hnac\u00ed s\u00edly, p\u0159\u00e1n\u00ed a pocity ni\u017e\u0161\u00edch \u010daker jsou zde analyzov\u00e1ny, \u201cstr\u00e1veny\u201d a transformov\u00e1ny do vy\u0161\u0161\u00edch energi\u00ed, aby pak byly s energiemi vy\u0161\u0161\u00edch \u010daker pou\u017eity k v\u011bdom\u00e9mu formov\u00e1n\u00ed na\u0161eho \u017eivota.<\/p>\n<p>Kladn\u00fd postoj k \u017eivotu a smyslupln\u00e1 integrace pocit\u016f, p\u0159\u00e1n\u00ed i na\u0161ich \u017eivotn\u00edch zku\u0161enost\u00ed vedou k tomu, \u017ee se t\u0159et\u00ed \u010dakra uvoln\u00ed a otev\u0159e, \u010d\u00edm\u017e sv\u011btlo v n\u00e1s nab\u00fdv\u00e1 na s\u00edle a prosv\u011btluje n\u00e1\u0161 \u017eivot a cel\u00fd n\u00e1\u0161 sv\u011bt. Na\u0161e celkov\u00e9 nalad\u011bn\u00ed je velmi z\u00e1visl\u00e9 na tom, kolik je v n\u00e1s sv\u011btla. Kdy\u017e je na\u0161e t\u0159et\u00ed \u010dakra otev\u0159en\u00e1, c\u00edt\u00edme se sv\u011b\u017ee, radostn\u011b a vnit\u0159n\u011b napln\u011bni. Naproti tomu je-li tato \u010dakra zablokov\u00e1na nebo naru\u0161ena, je na\u0161e n\u00e1lada nevyrovnan\u00e1 a pochmurn\u00e1. Tento pocit prom\u00edt\u00e1me poka\u017ed\u00e9 tak\u00e9 do okoln\u00edho sv\u011bta, tak\u017ee cel\u00fd n\u00e1\u0161 \u017eivot se zd\u00e1 bu\u010f jasn\u00fd nebo temn\u00fd. Mno\u017estv\u00ed sv\u011btla v n\u00e1s ur\u010duje jasnost na\u0161eho nahl\u00ed\u017een\u00ed a kvalitu na\u0161\u00ed pr\u00e1ce.<\/p>\n<p>S p\u0159ib\u00fdvaj\u00edc\u00ed integrac\u00ed a vnit\u0159n\u00ed zralost\u00ed se postupn\u011b prom\u011b\u0148uje \u017elut\u00e9 sv\u011btlo intelektu\u00e1ln\u00edho porozum\u011bn\u00ed ve t\u0159et\u00ed \u010dak\u0159e ve zlat\u00e9 sv\u011btlo moudrosti a hloubky.<\/p>\n<p>\u010cakrou solar &#8211; plexu vn\u00edm\u00e1me tak\u00e9 p\u0159\u00edmo vibrace ostatn\u00edch lid\u00ed a odpov\u00eddaj\u00edc\u00edm zp\u016fsobem na n\u011b reagujeme. Jsme-li konfrontov\u00e1ni s negativn\u00edmi vibracemi, c\u00edt\u00edme v m\u00edst\u011b t\u0159et\u00ed \u010dakry hroz\u00edc\u00ed nebezpe\u010d\u00ed &#8211; \u010dakra se bezd\u011b\u010dn\u011b st\u00e1hne, co\u017e je jej\u00ed p\u0159echodn\u00fd obrann\u00fd mechanismus. Nest\u00e1v\u00e1 se to v\u0161ak v p\u0159\u00edpad\u011b, \u017ee sv\u011btlo v n\u00e1s je tak siln\u00e9, \u017ee sv\u00fdm vyza\u0159ov\u00e1n\u00edm vytv\u00e1\u0159\u00ed kolem na\u0161eho t\u011bla ochrann\u00fd obal.<\/p>\n<p><span style=\"color: #0000ff;\"><span style=\"text-decoration: underline;\">\u010cakra \u010dtvrt\u00e1<\/span><\/span><\/p>\n<p><i>Anah\u00e1ta, <\/i>tak\u00e9 naz\u00fdvan\u00e1 \u010dakra srdce nebo srde\u010dn\u00ed centrum. Um\u00edst\u011bn\u00e1 je uprost\u0159ed prsou ve v\u00fd\u0161i srdce. Otev\u00edr\u00e1 se sm\u011brem dop\u0159edu.<\/p>\n<p>Barva energie \u010dakry je zelen\u00e1, tak\u00e9 r\u016f\u017eov\u00e1 a zlat\u00e1. Jako element j\u00ed byl p\u0159i\u0159azen vzduch a smyslov\u00e1 funkce hmat. Symbolem \u010dtvrt\u00e9 \u010dakry je lotos s dvan\u00e1cti okv\u011btn\u00edmi l\u00edstky. Z\u00e1kladn\u00edm principem srde\u010dn\u00ed \u010dakry je odevzdanost.<\/p>\n<p>\u010cakra srdce vytv\u00e1\u0159\u00ed st\u0159ed syst\u00e9mu \u010daker. V n\u00ed se spojuj\u00ed t\u0159i spodn\u00ed fyzicko &#8211; emo\u010dn\u00ed centra se t\u0159emi horn\u00edmi -duchovn\u00edmi. \u00daloha srde\u010dn\u00edho centra je sjednocov\u00e1n\u00ed skrze l\u00e1sku. Ka\u017ed\u00e1 touha po vrouc\u00edm kontaktu, po splynut\u00ed, harmonii a l\u00e1sce se projevuje prost\u0159ednictv\u00edm \u010dakry srdce. Tyto projevy jsou z\u0159eteln\u00e9 i v opa\u010dn\u00e9m p\u0159\u00edpad\u011b &#8211; smutek, bolest, strach z odlou\u010den\u00ed, ze ztr\u00e1ty l\u00e1sky apod.<\/p>\n<p>Ve sv\u00e9 o\u010di\u0161t\u011bn\u00e9 a dokonale otev\u0159en\u00e9 form\u011b je \u010dakra srdce centrem opravdov\u00e9 ni\u010d\u00edm nepodm\u00edn\u011bn\u00e9 l\u00e1sky. L\u00e1sky, kter\u00e1 je zde jen kv\u016fli sob\u011b sam\u00e9, kterou nen\u00ed mo\u017en\u00e9 \u201cm\u00edt\u201d nebo \u201cztratit\u201d. Ve spojen\u00ed s horn\u00edmi \u010dakrami se st\u00e1v\u00e1 tato l\u00e1ska Bhakti, tj. l\u00e1skou bo\u017e\u00ed. Vede k pozn\u00e1n\u00ed bo\u017e\u00ed p\u0159\u00edtomnosti v cel\u00e9m stvo\u0159en\u00ed, ke splynut\u00ed s nejvnit\u0159n\u011bj\u0161\u00edm j\u00e1drem, srdcem v\u0161eho v Universu.<\/p>\n<p>Ka\u017ed\u00fdm z\u00e1porem vytv\u00e1\u0159\u00edme odd\u011blenost a negativitu. Pozitivn\u00ed l\u00e1skypln\u00e9 \u201cano\u201d naproti tomu vytv\u00e1\u0159\u00ed vibrace, ve kter\u00fdch se negativn\u00ed formy projevu a negativn\u00ed pocity nemohou udr\u017eet a miz\u00ed. (Trp\u00edme-li n\u011bjakou bolest\u00ed nebo nemoc\u00ed, m\u016f\u017eeme pozorovat, \u017ee l\u00e1skyplnou pozornost\u00ed k nemocn\u00e9mu org\u00e1nu nebo \u010d\u00e1sti t\u011bla se m\u016f\u017ee uzdraven\u00ed zna\u010dn\u011b urychlit. Vyzkou\u0161ejte si to n\u011bkdy.)<\/p>\n<p>Prost\u0159ednictv\u00edm \u010dakry srdce disponujeme velk\u00fdm potenci\u00e1lem transformace a uzdravov\u00e1n\u00ed. A to jak pro n\u00e1s samotn\u00e9, tak i pro ostatn\u00ed. Centrum srdce vyza\u0159uje velmi siln\u011b. Otev\u0159en\u00e1 \u010dakra srdce m\u00e1 na ostatn\u00ed spont\u00e1nn\u011b uzdravuj\u00edc\u00ed a prom\u011b\u0148uj\u00edc\u00ed \u00fa\u010dinek. (P\u0159i v\u011bdom\u00e9m uzdravov\u00e1n\u00ed spolup\u016fsob\u00ed tak\u00e9 \u010dakra \u010dela.)<\/p>\n<p>\u010cakra srdce vyza\u0159uje v zelen\u00e9, r\u016f\u017eov\u00e9 a n\u011bkdy tak\u00e9 ve zlat\u00e9 barv\u011b. Zelen\u00e1 je barva uzdraven\u00ed, harmonie a sympatie. Kdy\u017e \u010dlov\u011bk vid\u00edc\u00ed auru spat\u0159\u00ed u n\u011bkoho v oblasti \u010dakry srdce \u010distou jasnou zelenou barvu, je to pro n\u011bj d\u016fkaz v\u00fdrazn\u00fdch l\u00e9\u010ditelsk\u00fdch schopnost\u00ed doty\u010dn\u00e9ho \u010dlov\u011bka. Zlat\u00e1, pror\u016f\u017eov\u011bl\u00e1 aura ozna\u010duje \u010dlov\u011bka, kter\u00fd \u017eije v \u010dist\u00e9, oddan\u00e9 l\u00e1sce k bo\u017estv\u00ed.<\/p>\n<p>Srde\u010dn\u00ed \u010dakra je \u010dasto naz\u00fdv\u00e1na branou do du\u0161e, proto\u017ee nen\u00ed jen s\u00eddlem nejhlub\u0161\u00edch a nej\u017eivotn\u011bj\u0161\u00edch pocit\u016f l\u00e1sky. Pomoc\u00ed n\u00ed se tak\u00e9 m\u016f\u017eeme spojit s univerz\u00e1ln\u00ed \u010d\u00e1st\u00ed na\u0161\u00ed du\u0161e.<\/p>\n<p><span style=\"color: #0000ff;\"><span style=\"text-decoration: underline;\">\u010cakra p\u00e1t\u00e1<\/span><\/span><\/p>\n<p>P\u00e1tou je \u010dakra kr\u010dn\u00ed, naz\u00fdv\u00e1na je tak\u00e9 <i>Vi\u0161uddhi<\/i> a \u0159\u00edk\u00e1 se j\u00ed i komunika\u010dn\u00ed centrum. Tato \u010dakra se nach\u00e1z\u00ed mezi kr\u010dn\u00ed jamkou a ohryzkem. Je spojena s kr\u010dn\u00ed p\u00e1te\u0159\u00ed a otev\u00edr\u00e1 se sm\u011brem dop\u0159edu.<\/p>\n<p>Barva p\u00e1t\u00e9 \u010dakry je sv\u011btle modr\u00e1, tak\u00e9 st\u0159\u00edbrn\u00e1 a zelenav\u011b modr\u00e1. Element t\u00e9to \u010dakry je \u00e9ter a smyslov\u00e1 funkce sluch. Symbolem kr\u010dn\u00ed \u010dakry je lotos se \u0161estn\u00e1cti okv\u011btn\u00edmi l\u00edstky. Z\u00e1kladn\u00edm principem p\u00e1t\u00e9 \u010dakry je rezonance s Byt\u00edm.<\/p>\n<p>V kr\u010dn\u00ed \u010dak\u0159e se nach\u00e1z\u00ed centrum lidsk\u00fdch vyjad\u0159ovac\u00edch schopnost\u00ed, komunikace a inspirace. Je spojeno s men\u0161\u00ed vedlej\u0161\u00ed \u010dakrou t\u00fdlu, kter\u00e1 m\u00e1 s\u00eddlo ve vazu a otev\u00edr\u00e1 se dozadu. Tyto dv\u011b \u010dakry b\u00fdvaj\u00ed n\u011bkdy pova\u017eov\u00e1ny za jedinou, proto\u017ee jsou sv\u00fdmi funkcemi \u00fazce spjaty.<\/p>\n<p>P\u00e1t\u00e1 \u010dakra tak\u00e9 vytv\u00e1\u0159\u00ed velmi d\u016fle\u017eit\u00e9 spojen\u00ed spodn\u00edch \u010daker s \u010dakrami hlavy. Slou\u017e\u00ed jako most mezi na\u0161\u00edm my\u0161len\u00edm a c\u00edt\u011bn\u00edm, mezi na\u0161imi impulsy a reakcemi na n\u011b. Propojuje z\u00e1rove\u0148 obsahy v\u0161ech \u010daker s vn\u011bj\u0161\u00edm sv\u011btem. P\u0159es kr\u010dn\u00ed \u010dakru vyjad\u0159ujeme v\u0161echno, co v n\u00e1s \u017eije &#8211; sm\u00edch, pl\u00e1\u010d, pocity radosti i l\u00e1sky, stejn\u011b jako strachu a vzteku, na\u0161e \u00famysly, p\u0159\u00e1n\u00ed, my\u0161lenky a n\u00e1zory, na\u0161e vn\u00edm\u00e1n\u00ed vnit\u0159n\u00edho sv\u011bta.<\/p>\n<p>P\u0159i\u0159azen\u00fd element \u010dakry &#8211; \u00e9ter je tak\u00e9 nositelem zvuku, mluven\u00e9ho i tvo\u0159\u00edc\u00edho slova. Je to zprost\u0159edkovatel informac\u00ed na v\u0161ech \u00farovn\u00edch. \u00c9ter je poj\u00edm\u00e1n jako prostor (Ak\u00e1\u0161a), ve kter\u00e9m \u201chust\u0161\u00ed\u201d elementy rozv\u00edjej\u00ed svoji p\u016fsobnost. Nejhlub\u0161\u00ed pozn\u00e1n\u00ed n\u00e1m bude umo\u017en\u011bno jen tehdy, kdy\u017e budeme otev\u0159en\u00ed jako nekone\u010dn\u00fd prostor, jako \u0161ir\u00e9 nebe, jeho\u017e sv\u011btle modr\u00e1 barva je barvou kr\u010dn\u00ed \u010dakry.<\/p>\n<p>P\u00e1tou \u010dakrou naslouch\u00e1me vnit\u0159n\u00edm hlas\u016fm Stvo\u0159en\u00ed. Tudy vn\u00edm\u00e1me tak\u00e9 na\u0161e vnit\u0159n\u00ed hlasy, navazujeme kontakt s na\u0161\u00edm, uvnit\u0159 s\u00eddl\u00edc\u00edm duchem a p\u0159ij\u00edm\u00e1me jeho inspiraci.<\/p>\n<p><span style=\"color: #0000ff;\"><span style=\"text-decoration: underline;\">\u010cakra \u0161est\u00e1<\/span><\/span><\/p>\n<p><i>Ad\u017e\u0148a<\/i>, \u010dakra \u010dela, naz\u00fdvan\u00e1 \u201ct\u0159et\u00ed oko\u201d, oko moudrosti, vnit\u0159n\u00ed oko nebo p\u0159\u00edkazov\u00e1 \u010dakra.<\/p>\n<p>T\u0159et\u00ed oko je um\u00edst\u011bno uprost\u0159ed \u010dela, jeden prst nad ko\u0159enem nosu. Otv\u00edr\u00e1 se dop\u0159edu. Barva \u010dakry je indigov\u011b modr\u00e1, tak\u00e9 \u017elut\u00e1 a fialov\u00e1. V t\u00e9to \u010dak\u0159e jsou \u201cobsa\u017eeny\u201d v\u0161echny smyslov\u00e9 funkce a tak\u00e9 nadsmyslov\u00e9 vn\u00edm\u00e1n\u00ed. Symbolem \u010dakry t\u0159et\u00edho oka je lotos s 96 okv\u011btn\u00edmi l\u00edstky. Z\u00e1kladn\u00edm principem \u0161est\u00e9 \u010dakry je pozn\u00e1n\u00ed byt\u00ed.<\/p>\n<p>\u0160est\u00e1 \u010dakra je s\u00eddlem vy\u0161\u0161\u00edch duchovn\u00edch sil, intelektu\u00e1ln\u00edch schopnost\u00ed rozli\u0161ov\u00e1n\u00ed, pam\u011bti a v\u016fle, na t\u011blesn\u00e9 \u00farovni nejvy\u0161\u0161\u00ed \u0159\u00edd\u00edc\u00ed centrum centr\u00e1ln\u00edho nervov\u00e9ho syst\u00e9mu.<\/p>\n<p>Vlastn\u00ed barva \u0161est\u00e9 \u010dakry je indigov\u011b modr\u00e1, daj\u00ed se v\u0161ak rozeznat tak\u00e9 \u017elut\u00e9 a fialov\u00e9 barevn\u00e9 t\u00f3ny. Tyto barvy poukazuj\u00ed na jej\u00ed rozd\u00edln\u00e9 funkce na r\u016fzn\u00fdch \u00farovn\u00edch v\u011bdom\u00ed. Racion\u00e1ln\u00ed nebo intelektu\u00e1ln\u00ed my\u0161len\u00ed m\u016f\u017ee zp\u016fsobit \u017elut\u00e9 z\u00e1\u0159en\u00ed. Jasn\u00e1 tmav\u011b modr\u00e1 barva poukazuje na intuici a ucelenost pozn\u00e1vac\u00edho procesu. Nadsmyslov\u00e9 vn\u00edm\u00e1n\u00ed se projevuje fialov\u00fdm barevn\u00fdm t\u00f3nem.<\/p>\n<p>\u0160est\u00e1 \u010dakra je s\u00eddlem v\u0161ech uv\u011bdomovac\u00edch proces\u016f, m\u00e1me zde schopnost k projeven\u00ed , a\u017e po materializaci nebo dematerializaci. M\u016f\u017eeme tak vytv\u00e1\u0159et nov\u00e9 reality a star\u00e9 ru\u0161it. Obvykle v\u0161ak prob\u00edh\u00e1 tento proces automaticky, bez na\u0161\u00ed v\u011bdom\u00e9 sou\u010dinnosti. V\u011bt\u0161ina my\u0161lenek, kter\u00e9 ur\u010duj\u00ed n\u00e1\u0161 \u017eivot, je ovl\u00e1d\u00e1na na\u0161imi zafixovan\u00fdmi emo\u010dn\u00edmi reakcemi a je programov\u00e1na na\u0161imi i ciz\u00edmi soudy a p\u0159edsudky. A tak je \u010dasto n\u00e1\u0161 duch ne mistrem, n\u00fdbr\u017e sluhou emocemi nabit\u00fdch my\u0161lenek, kter\u00e9 n\u00e1s mohou ovl\u00e1dat.<\/p>\n<p>V\u00fdvojem na\u0161eho v\u011bdom\u00ed a postupn\u00fdm otv\u00edr\u00e1n\u00edm \u0161est\u00e9 \u010dakry m\u016f\u017eeme tento proces st\u00e1le v\u00edce v\u011bdom\u011b ovl\u00e1dat. S\u00edla na\u0161\u00ed p\u0159edstavivosti vytv\u00e1\u0159\u00ed nyn\u00ed energii k napln\u011bn\u00ed ur\u010dit\u00e9 ideje nebo p\u0159\u00e1n\u00ed. Ve spojen\u00ed s otev\u0159enou \u010dakrou srdce m\u016f\u017eeme tak\u00e9 vys\u00edlat l\u00e9\u010div\u00e9 energie a uzdravovat na d\u00e1lku.<\/p>\n<p>Z\u00e1rove\u0148 z\u00edsk\u00e1v\u00e1me p\u0159\u00edstup ke v\u0161em \u00farovn\u00edm Stvo\u0159en\u00ed, kter\u00e9 le\u017e\u00ed za fyzickou realitou. Pot\u0159ebn\u00e9 v\u011bd\u011bn\u00ed k n\u00e1m p\u0159ich\u00e1z\u00ed intuic\u00ed, jasno &#8211; vid\u011bn\u00edm, sly\u0161en\u00edm nebo c\u00edt\u011bn\u00edm. Co jsme d\u0159\u00edve mo\u017en\u00e1 jen nejasn\u011b tu\u0161ili, st\u00e1v\u00e1 se jasn\u00fdm a z\u0159eteln\u00fdm.<\/p>\n<p><span style=\"color: #0000ff;\"><span style=\"text-decoration: underline;\">\u010cakra sedm\u00e1<\/span><\/span><\/p>\n<p>Neboli tak\u00e9 \u010dakra korunn\u00ed, \u010dakra temene hlavy \u010di lotos s tis\u00edci okv\u011btn\u00edmi l\u00edstky, tak m\u016f\u017eeme pojmenovat tuto \u010dakru. Ve v\u00fdchodn\u00edm n\u00e1zvoslov\u00ed dostala jm\u00e9no <i>Sahasr\u00e1ra<\/i>.<\/p>\n<p>Sedm\u00e1 \u010dakra je um\u00edst\u011bna ze v\u0161ech \u010daker nejv\u00fd\u0161e. Najdeme ji naho\u0159e uprost\u0159ed nad temenem na\u0161\u00ed hlavy a otev\u00edr\u00e1 se nahoru.<\/p>\n<p>Barva sedm\u00e9 \u010dakry je fialov\u00e1, tak\u00e9 b\u00edl\u00e1 a zlat\u00e1. Symbolem \u010dakry je ji\u017e zm\u00edn\u011bn\u00fd lotos s tis\u00edci okv\u011btn\u00edmi l\u00edstky. Z\u00e1kladn\u00edm principem \u010dakry je \u010dir\u00e9 Byt\u00ed.<\/p>\n<p>Korunn\u00ed \u010dakra je s\u00eddlem nejvy\u0161\u0161\u00ed dokonalosti v \u010dlov\u011bku. T\u0159pyt\u00ed se v\u0161emi barvami duhy, p\u0159evl\u00e1daj\u00edc\u00ed barvou je v\u0161ak fialov\u00e1. Vn\u011bj\u0161\u00ed kv\u011bt \u010dakry m\u00e1 960 l\u00edstk\u016f. V jeho nitru je druh\u00fd kv\u011bt s dvan\u00e1cti okv\u011btn\u00edmi l\u00edstky, kter\u00e9 z\u00e1\u0159\u00ed b\u00edl\u00fdm zlat\u011b t\u0159pytiv\u00fdm sv\u011btlem.<\/p>\n<p>Podobn\u011b jako jsou v b\u00edl\u00e9m sv\u011btle obsa\u017eeny v\u0161echny barvy spektra, obsahuje nejvy\u0161\u0161\u00ed \u010dakra v\u0161echny energie ni\u017e\u0161\u00edch center. Sedm\u00e1 \u010dakra je pramenem a v\u00fdchoz\u00edm bodem pro projevy energi\u00ed v\u0161ech ostatn\u00edch \u010daker. Zde jsme spojeni s bo\u017esk\u00fdm Byt\u00edm.<\/p>\n<p>Cestu k rozvoji nejvy\u0161\u0161\u00ed \u010dakry ozna\u010duje fialov\u00e9 z\u00e1\u0159en\u00ed. Fialov\u00e1 je barvou meditace a odevzdanosti. Zat\u00edmco na aktivov\u00e1n\u00ed p\u0159edchoz\u00edch \u0161esti center energie jsme mohli sami konkr\u00e9tn\u011b p\u016fsobit, zde, u sedm\u00e9 \u010dakry, se m\u016f\u017eeme jen otev\u0159\u00edt a st\u00e1t se \u201cn\u00e1dobou\u201d.<\/p>\n<p>Rozv\u00edjen\u00edm sedm\u00e9 \u010dakry se uvol\u0148uj\u00ed tak\u00e9 posledn\u00ed blok\u00e1dy v ostatn\u00edch \u010dakr\u00e1ch a jejich energie za\u010d\u00ednaj\u00ed kmitat na nejvy\u0161\u0161\u00edch pro n\u011b mo\u017en\u00fdch frekvenc\u00edch. Ka\u017ed\u00e1 \u010dakra se st\u00e1v\u00e1 zrcadlem bo\u017esk\u00e9ho Byt\u00ed na svoj\u00ed speci\u00e1ln\u00ed \u00farovni a projevuje tak nejvy\u0161\u0161\u00ed j\u00ed p\u0159\u00edstupn\u00fd potenci\u00e1l. Jakmile je korunn\u00ed \u010dakra dokonale probuzena, je jej\u00ed \u00fakol p\u0159ij\u00edmat kosmick\u00e9 energie ukon\u010den. Sama nyn\u00ed vyza\u0159uje energie. Jej\u00ed \u201ckv\u011bt\u201d se vyklene ven a vytvo\u0159\u00ed korunu \u010dist\u00e9ho sv\u011btla nad hlavou.<\/p>\n<p>(P\u0159evzato ze str\u00e1nek Ananke.cz autor Marek Hlasn\u00fd)<\/p>\n","protected":false},"excerpt":{"rendered":"<p>2. \u010cakry &#8211; popis \u010cakry jako energetick\u00e1 centra jsou d\u016fle\u017eit\u00e9 pro spr\u00e1vn\u00e9 fungov\u00e1n\u00ed t\u011bla i ducha \u010dlov\u011bka. Proto se hlavn\u011b ve v\u00fdchodn\u00edch tradic\u00edch p\u0159ikl\u00e1d\u00e1 \u010dakr\u00e1m velk\u00fd v\u00fdznam. Pr\u00e1v\u011b r\u016fzn\u00e9 v\u00fdchodn\u00ed nauky a filozofie p\u0159i\u0159adily \u010dakr\u00e1m jm\u00e9na a tak\u00e9 kreslen\u00e9 symboly. P\u0159i\u0159azeny jim byly i mnoh\u00e9 jin\u00e9 v\u011bci, t\u00f3ny, barvy, \u010d\u00e1sti t\u011bla a podobn\u011b. \u010cakra prvn\u00ed <a href=\"https:\/\/www.andelskaduchovniterapie.cz\/?page_id=132\" rel=\"nofollow\"><span class=\"sr-only\">P\u0159e\u010d\u00edst si v\u00edc o\u010cakry 2.<\/span>[&#8230;]<\/a><\/p>\n","protected":false},"author":1,"featured_media":0,"parent":9,"menu_order":0,"comment_status":"open","ping_status":"open","template":"","meta":{"footnotes":""},"class_list":["post-132","page","type-page","status-publish","hentry"],"_links":{"self":[{"href":"https:\/\/www.andelskaduchovniterapie.cz\/index.php?rest_route=\/wp\/v2\/pages\/132","targetHints":{"allow":["GET"]}}],"collection":[{"href":"https:\/\/www.andelskaduchovniterapie.cz\/index.php?rest_route=\/wp\/v2\/pages"}],"about":[{"href":"https:\/\/www.andelskaduchovniterapie.cz\/index.php?rest_route=\/wp\/v2\/types\/page"}],"author":[{"embeddable":true,"href":"https:\/\/www.andelskaduchovniterapie.cz\/index.php?rest_route=\/wp\/v2\/users\/1"}],"replies":[{"embeddable":true,"href":"https:\/\/www.andelskaduchovniterapie.cz\/index.php?rest_route=%2Fwp%2Fv2%2Fcomments&post=132"}],"version-history":[{"count":1,"href":"https:\/\/www.andelskaduchovniterapie.cz\/index.php?rest_route=\/wp\/v2\/pages\/132\/revisions"}],"predecessor-version":[{"id":134,"href":"https:\/\/www.andelskaduchovniterapie.cz\/index.php?rest_route=\/wp\/v2\/pages\/132\/revisions\/134"}],"up":[{"embeddable":true,"href":"https:\/\/www.andelskaduchovniterapie.cz\/index.php?rest_route=\/wp\/v2\/pages\/9"}],"wp:attachment":[{"href":"https:\/\/www.andelskaduchovniterapie.cz\/index.php?rest_route=%2Fwp%2Fv2%2Fmedia&parent=132"}],"curies":[{"name":"wp","href":"https:\/\/api.w.org\/{rel}","templated":true}]}}